{"id":2,"date":"2013-01-19T23:08:12","date_gmt":"2013-01-19T22:08:12","guid":{"rendered":"http:\/\/mj.w1.ms5.eu\/blog\/?page_id=2"},"modified":"2019-11-29T21:31:33","modified_gmt":"2019-11-29T20:31:33","slug":"impressum-und-datenschutz","status":"publish","type":"page","link":"https:\/\/mjott.de\/blog\/impressum-und-datenschutz\/","title":{"rendered":"Impressum und Datenschutz"},"content":{"rendered":"<h2>Kontakt<\/h2>\n<p>Administrativ und inhaltlich verantwortlich f\u00fcr diese Webseite ist:<\/p>\n<p><span style=\"unicode-bidi: bidi-override; direction: rtl;\">gnuJ sukraM<br \/>\nc95 e\u00dfartsneihpoS<br \/>\nehurslraK 33167<br \/>\ned TKNUP ttojm TA golb :liaM-E<\/span><\/p>\n<p>Der Nutzung dieser Kontaktdaten f\u00fcr werbliche oder vergleichbare Zwecke ohne explizite Zustimmung wird hiermit ausdr\u00fccklich widersprochen.&nbsp; Eine Zuwiderhandlung oder sonstiger Missbrauch der hier ver\u00f6ffentlichten Kontaktdaten zieht entsprechende rechtliche Konsequenzen nach sich.<\/p>\n<h2>Datenschutz<\/h2>\n<p>Das Thema Datenschutz liegt mir sehr am Herzen. Personenbezogenen Daten \u00fcber die Besucher meiner Webseite werden nur in dem Umfang erhoben, verarbeitet und gespeichert, der f\u00fcr Bereitstellung und Aufrechterhaltung dieses Angebotes erforderlich ist. Rechtsgrundlage hierf\u00fcr sind Art. 6 Abs. 1 lit. b DSGVO (die Verarbeitung zur Erf\u00fcllung eines Vertrags &#8211; hier die Bereitstellung der angeforderten Inhalte) und Art. 6 Abs. 1 lit. f DSGVO (die Verarbeitung zur Wahrung berechtigter Interessen &#8211; hier f\u00fcr Sicherheitszwecke).<\/p>\n<h3>Datenerhebung<\/h3>\n<p>Bei Nutzung der Kommentarfunktion werden, neben den Angaben im Formular (Kommentardaten: Name, E-Mail-Adresse, URL und Kommentartext), weitere Informationen (Metadaten) wie die Datum und Uhrzeit, IP-Adresse und Informationen \u00fcber den verwendeten Browser gespeichert. Kommentardaten werden zeitlich unbegrenzt gespeichert. Metadaten werden nach Freischaltung des Kommentars innerhalb einer Woche gel\u00f6scht. Sie werden zur R\u00fcckverfolgung <span class=\"ts-muster-content\">widerrechtliche Inhalte und von Spam-Kommentaren genutzt.<\/span><\/p>\n<p>Mein Hoster (<a href=\"https:\/\/uberspace.de\/\">Uberspace<\/a>) protokolliert dar\u00fcber hinaus beim Seitenabruf eine Reihe von Metadaten, insbesondere Datum und Uhrzeit, den IP-Adressbereich, die aufgerufene URL und weitere Informationen die durch den verwendeten Browser \u00fcbermittelt werden (typischerweise die zuvor besuchte Seite, Name und Versionsnummer des Browsers und des Betriebssystems). Diese Daten werden nach vier Wochen gel\u00f6scht und nur zur Erkennung und Behebung von Fehlern so wie zur Gew\u00e4hrleistung der Sicherheit dieser Webseite genutzt.<\/p>\n<p>Zu statistischen Zwecken werden ausschlie\u00dflich die zuvor besuchte Seite, die aufgerufene Seite und der Zeitpunkt des Aufrufs gespeichert und verarbeitet. Dieser Vorgang erfolgt somit vollst\u00e4ndig anonymisiert, personenbezogene Daten wie IP-Adressen o.\u00e4. flie\u00dfen nicht ein.<\/p>\n<p>Dar\u00fcber hinaus werden keine personenbezogenen Daten erhoben.<\/p>\n<h3>Datenweitergabe<\/h3>\n<p>Eine Weitergabe der erhobenen Daten an Dritte findet, au\u00dfer ggf. zum Zweck der Strafverfolgung oder in Folge einer entsprechenden Rechtspflicht, nicht statt.<\/p>\n<h3>Einbindung von Inhalten von Dritter<\/h3>\n<p>Inhalte, speziell Medien (etwa Musik, Bilder und Videos) k\u00f6nnen von Diensten Dritter abgerufen werden (Beispiel: Videos von YouTube). Hierbei wird zumindest die IP-Adresse an den betreffenden Anbieter \u00fcbermittelt, gegebenenfalls auch weitere Angaben durch Ihren Browser. Zudem k\u00f6nnen diese Anbieter weitere Informationen erheben, Cookies benutzen, zus\u00e4tzliche Tracking-Dienste von Dritten einbetten und die Interaktion mit diesen Inhalten aufzeichnen.<\/p>\n<p>Zur Zeit werden nur auf der <a href=\"https:\/\/mjott.de\/blog\/bilder\/happy-shooting\/\">Unterseite zu Happy-Shooting-Bildern<\/a> Inhalte von Drittservern bezogen. Die dort angezeigten Bilder werden direkt von <a href=\"https:\/\/www.flickr.com\/\">flickr<\/a> eingebunden.<\/p>\n<h3>Cookies<\/h3>\n<p>Diese Webseite speichert gegebenenfalls Cookies in Ihrem Browser ab. Diese Cookies werden nicht dazu genutzt, das Benutzerverhalten zu \u00fcberwachen, sondern dienen ausschlie\u00dflich dazu, die Webseite nutzerfreundlicher und sicherer zu gestalten. Sollte eine Speicherung von Cookies durch diese Webseite nicht gew\u00fcnscht sein, kann diese im Einstellungsdialog Ihres Browsers unterbunden werden, dort ist auch eine L\u00f6schung m\u00f6glich.<\/p>\n<p>Bei Nutzung der Kommentarfunktion k\u00f6nnen die Angaben zu Name, E-Mail-Adresse und Website in Cookies gespeichert werden. Sie dienen dazu, die betreffenden Felder im Formular der Kommentarfunktion automatisch auszuf\u00fcllen. Diese Cookies werden ein Jahr lang gespeichert.<\/p>\n<h3>Verbraucherrechte<\/h3>\n<p>Sie haben nach der DSGVO das Recht auf eine kostenlose Auskunft \u00fcber die Verarbeitung Ihrer personenbezogenen Daten. Sie k\u00f6nnen eine Berichtigung, Sperrung oder L\u00f6schung der \u00fcber Sie gespeicherten Daten fordern und eine zuvor erteilte Einwilligung ohne Angabe von Gr\u00fcnden widerrufen. Zudem besteht das Recht auf Datenmitnahme (welches im Fall dieser Webseite im Wesentlichen die verfassten Kommentare betrifft).<\/p>\n<p>Das Recht auf L\u00f6schung gilt nicht oder nur eingeschr\u00e4nkt, sofern Daten aufgrund administrativer, rechtlicher oder sicherheitsrelevanter Notwendigkeiten gespeichert werden.<\/p>\n","protected":false},"excerpt":{"rendered":"<p>Kontakt Administrativ und inhaltlich verantwortlich f\u00fcr diese Webseite ist: gnuJ sukraM c95 e\u00dfartsneihpoS ehurslraK 33167 ed TKNUP ttojm TA golb :liaM-E Der Nutzung dieser Kontaktdaten f\u00fcr werbliche oder vergleichbare Zwecke ohne explizite Zustimmung wird hiermit ausdr\u00fccklich widersprochen.&nbsp; Eine Zuwiderhandlung oder sonstiger Missbrauch der hier ver\u00f6ffentlichten Kontaktdaten zieht entsprechende rechtliche Konsequenzen nach sich. Datenschutz Das Thema &#8230; <a title=\"Impressum und Datenschutz\" class=\"read-more\" href=\"https:\/\/mjott.de\/blog\/impressum-und-datenschutz\/\" aria-label=\"Mehr Informationen \u00fcber Impressum und Datenschutz\">Weiterlesen<\/a><\/p>\n","protected":false},"author":1,"featured_media":0,"parent":0,"menu_order":99,"comment_status":"closed","ping_status":"closed","template":"","meta":{"ngg_post_thumbnail":0,"footnotes":""},"class_list":["post-2","page","type-page","status-publish"],"aioseo_notices":[],"_links":{"self":[{"href":"https:\/\/mjott.de\/blog\/wp-json\/wp\/v2\/pages\/2","targetHints":{"allow":["GET"]}}],"collection":[{"href":"https:\/\/mjott.de\/blog\/wp-json\/wp\/v2\/pages"}],"about":[{"href":"https:\/\/mjott.de\/blog\/wp-json\/wp\/v2\/types\/page"}],"author":[{"embeddable":true,"href":"https:\/\/mjott.de\/blog\/wp-json\/wp\/v2\/users\/1"}],"replies":[{"embeddable":true,"href":"https:\/\/mjott.de\/blog\/wp-json\/wp\/v2\/comments?post=2"}],"version-history":[{"count":15,"href":"https:\/\/mjott.de\/blog\/wp-json\/wp\/v2\/pages\/2\/revisions"}],"predecessor-version":[{"id":1213,"href":"https:\/\/mjott.de\/blog\/wp-json\/wp\/v2\/pages\/2\/revisions\/1213"}],"wp:attachment":[{"href":"https:\/\/mjott.de\/blog\/wp-json\/wp\/v2\/media?parent=2"}],"curies":[{"name":"wp","href":"https:\/\/api.w.org\/{rel}","templated":true}]}}